82. Suppose -60*k + 65*k - 61 = -2*p, p - w = -2*k. Calculate the remainder when 372 is divided by k.
8
Suppose -4*w - 179 - 749 = 0. Let f = w - -302. Calculate the remainder when f is divided by 3.
1
Let g be 7 - (5 - 2 - -1). Suppose g*m - 48 = -3*u, -m - 4*u + 0 + 31 = 0. What is the remainder when 88 is divided by m?
0
Let y(n) = -63*n - 8854. What is the remainder when 1130 is divided by y(-145)?
6
What is the remainder when 4027 is divided by (4 + (-88)/16)*(406/(-6) + -3)?
105
Suppose 52*b - 38*b = 3598. Let g = b + -130. Calculate the remainder when g is divided by 29.
11
Calculate the remainder when 40 is divided by 0 + 25 + (-3)/((-2 - 13)/5).
14
Let a(l) = -2*l**2 + 35*l - 9. Let u be a(17). Suppose -12*x = -u*x + 52. Let f(y) = -5*y - 40. What is the remainder when 97 is divided by f(x)?
22
Suppose 2*d - 45*n - 853 = -46*n, 2*n - 1280 = -3*d. Calculate the remainder when d is divided by 101.
22
Let n be (10/(-25))/(2/10). Let u be (-6*19)/(n/2). What is the remainder when u/9 - (-4)/3 is divided by 9?
5
Let c = -213 + 231. What is the remainder when 4/6 - -67*6/c is divided by 14?
9
Suppose 3*d + 9 = 0, -5*o - d + 16 = -156. Calculate the remainder when -1 + 6 - (3 + 2) - -102 is divided by o.
32
Let p(h) be the second derivative of 13*h**3/6 + 275*h**2/2 - 10*h. What is the remainder when 15 is divided by p(-21)?
1
Let j = 3284 - 3260. What is the remainder when 81 is divided by j?
9
Suppose 2184 = 174*h - 162*h. Let k = -37 + h. What is the remainder when k is divided by 36?
1
Suppose 5*f = 4*i - 2209 - 6416, -5*i = 3*f - 10772. Suppose 1289 = 6*c - i. What is the remainder when c is divided by 23?
22
Let n = -37879 + 37995. Calculate the remainder when 671 is divided by n.
91
Let u(o) = o**3 - o + 34. Let p be u(0). Let b(y) = -2*y + 17. Let f be b(13). Let x = p + f. What is the remainder when 148 is divided by x?
23
Suppose -3*z = 12, 5*s + z - 109 + 13 = 0. Let t be (3014/66)/(2/24). Suppose 4*n = -0*n + t. Calculate the remainder when n is divided by s.
17
Let l = 938 - 407. Suppose 16*n + 20 = 20*n. Suppose n*i - l = -4*i. Calculate the remainder when i is divided by 15.
14
Suppose -8*v - 3 = -11*v - 3*k, -3*v - 5 = -5*k. Suppose v = -9*p + 1852 + 974. What is the remainder when p is divided by 63?
62
Let k = 7886 + -7285. Calculate the remainder when k is divided by 16.
9
Suppose 239 = 4*h - u - 223, 258 = 2*h - 5*u. Calculate the remainder when h is divided by 18.
6
Suppose 0 = -2*m - 2, 91 = -5*c + 4*m + 410. Calculate the remainder when c/6 + 6/4 is divided by 7/(14/8) - (-4)/1.
4
Let h = 68 + 229. Suppose -4*q - 533*r = -535*r - 66, -3*r + 21 = 0. What is the remainder when h is divided by q?
17
Suppose -1586*b - 32 = -1590*b, -2 = 2*m - b. What is the remainder when 80 is divided by m?
2
Let f(m) = 2997*m - 3. Calculate the remainder when f(1) is divided by 28.
26
Suppose 23*l - 64*l + 410 = 0. Suppose -656 = 2*j - l*j. What is the remainder when j is divided by 8?
2
Let w(n) = n**3 + 12*n**2 + n - 193. Let x be w(-10). Let l = 27 - 16. Let c = l - x. Calculate the remainder when 52 is divided by c.
10
Let p(l) = -l**2 - 4*l + 113. Let b be p(0). Suppose -129 = -2*w - b. Calculate the remainder when 27 is divided by w.
3
Suppose 5*p - 5602 = 54*c - 51*c, 4*p - 4482 = 2*c. What is the remainder when p is divided by 49?
43
Let k(x) = -x**2 + 12*x - 70. Let o be k(20). Let z = o - -252. What is the remainder when z is divided by 8?
6
Let o(x) = x**2 + 3*x - 6. Calculate the remainder when 10/(-80) - (-6)/(720/35535) is divided by o(-7).
10
Let u = -1884 - -1922. Calculate the remainder when u is divided by (-170)/(-8) - 12/(-16).
16
Calculate the remainder when -7 + 308 + (1 - 1) is divided by 23.
2
What is the remainder when (-4186)/(-175) - (-4)/50 is divided by (4/10)/((-2)/(-20))?
0
Let b be (-6)/(-18) + (-149)/(-3). Suppose -268 = -3*h + b. Suppose -y + a + 28 = 12, 8 = 4*a. Calculate the remainder when h is divided by y.
16
Let k be -2*1/((-4)/6). Suppose -5*o = 4*d - 2, 5 + 5 = 2*o - k*d. Suppose -o*i - 25 + 119 = 0. What is the remainder when i is divided by 17?
13
Suppose -2030 = 7*p - 8841. Suppose p = 18*i + 289. What is the remainder when 47 is divided by i?
9
Suppose 0 = -5*a + 5*d - 189 + 779, -5*a + 2*d = -581. Calculate the remainder when 450 is divided by a.
105
Let c be (4 + -7 + 97)*(-11)/(-2). Let y = c - 498. Calculate the remainder when y is divided by 9.
1
Let l = -3338 - -4875. What is the remainder when l is divided by 95?
17
Let a(q) = -2*q**3 - q**2 - q + 61. Let t = -85 - -85. What is the remainder when a(t) is divided by 21?
19
Let v = -73 - -78. Suppose -f = 1 + 1, v*q - 3*f - 56 = 0. What is the remainder when 56 is divided by q?
6
Suppose u - 25 = 3*s, 2*s - 17 - 13 = -4*u. Suppose 9*o + 5*o - 252 = 98. Calculate the remainder when o is divided by u.
5
Let u be 8/(-6) + 90942/207. Let i = -425 + u. Suppose -142 = -4*l + 2*q, -3*l - 4*q + 110 = -2*q. What is the remainder when l is divided by i?
10
Suppose -6*a + 2965 = 2845. What is the remainder when 458 is divided by a?
18
What is the remainder when (6 + (-432)/(-28))/((-9)/(-105)) is divided by (2 + -1)/((-23)/(-368))?
10
Suppose 7279*g - 448 = 7277*g. Calculate the remainder when 575 is divided by g.
127
Let p(t) = -464*t - 50557. What is the remainder when 147*((-2 - -3) + 0) is divided by p(-109)?
14
Suppose 12965 - 2183 = 9*m. Calculate the remainder when m is divided by 25.
23
Let h(u) = 7*u**2 + 2*u + 18. Suppose -40*z = -36*z - 80. What is the remainder when h(-3) is divided by z?
15
Let n(h) be the first derivative of h**3/3 + 12*h**2 + 64*h + 134. Calculate the remainder when 1498 is divided by n(-22).
18
Let y = 10 + 0. Let r be -3*6/99 - 18/22. Calculate the remainder when 46 is divided by (y/(-8))/((4/80)/r).
21
Let w be (-323)/4 + (-17)/68. What is the remainder when 696/10 - w/(-135) is divided by 9?
6
Suppose -4*k - 2*k - 102 = 0. Let t = k + 19. Suppose -8 - 46 = -t*p. Calculate the remainder when p is divided by 7.
6
Let j(k) = 11*k - 1. Let u be j(-3). Let b = 2844 - 2770. Let h = u + b. Calculate the remainder when 79 is divided by h.
39
Let o(v) = -v**3 - 3*v**2 + 2. Let n(y) = -y**2 + 26*y - 10. Let q be n(22). Let i = q + -71. What is the remainder when i is divided by o(-3)?
1
Let w = -3172 - -3391. Calculate the remainder when w is divided by 188.
31
Suppose c + 3 = -0*c. Let t be 3 - (6/2 + c). Calculate the remainder when 41 is divided by t/(12/4) + 21.
19
Suppose 3*c - 3*f - f - 1402 = 0, 2*c - 3*f - 933 = 0. Let h = 766 - c. Let o(y) = -y**3 + 6*y**2 + 8*y - 6. What is the remainder when h is divided by o(5)?
56
Let r be 25/15*-3 + 3. Calculate the remainder when (-1780)/(-16) + (-12)/32*r is divided by 42.
28
Suppose 11*c + 28*c + 15*c = 7722. What is the remainder when c is divided by 129?
14
Let c = 273 - 283. Calculate the remainder when 152 is divided by (0 - 1)*c + -3 + 7.
12
Let w be 48/(-5) + (-9)/(-15). Let n be w*(-12)/162 + (-968)/(-6). Suppose 3*m - n = -99. Calculate the remainder when 122 is divided by m.
17
Suppose 27*o + 5*j = 31*o - 12630, -3*o + j = -9467. What is the remainder when o is divided by 9?
5
Suppose 5*s + 41 = p, s + 0*s = 3*p + 3. Let b = s + 13. Suppose 0 = 2*a - b - 28. What is the remainder when 78 is divided by a?
14
Let f(q) = 54*q + 1. What is the remainder when f(1) is divided by 4/(-2)*((-350)/(-20) - 24)?
3
Suppose 4*z - 5*b = -6*b, -15 = -z - 4*b. What is the remainder when 174 is divided by z*189/(-15) + 16/40?
5
Let g = 7041 - 6469. Calculate the remainder when g is divided by 281.
10
Let x be 1 + (4/(-5))/(22/(-55)). Suppose 2*w = -z + 40, 3*z - x*w = -5*w + 140. What is the remainder when 139 is divided by z?
39
Let l(z) = -z**2 - 131*z - 2751. Calculate the remainder when l(-33) is divided by 177.
129
Let v(k) = -k**2 - 10*k - 15. Let p be v(-6). Suppose -p*z - 23 = -131. Let l(f) = f**3 - 18*f**2 - 38*f + 18. What is the remainder when l(20) is divided by z?
10
Let f = -22025 + 25780. What is the remainder when f is divided by 179?
175
Let q be ((-34)/(-102))/(-3*1/(-9459)). Suppose q - 214 = 9*w. What is the remainder when w is divided by 33?
27
Let w = -49 + 53. Suppose 3*p + p = -f + 73, -p - w*f + 22 = 0. Suppose 2*x = -4*x + p. What is the remainder wh